{"id":7,"date":"2022-10-17T14:41:38","date_gmt":"2022-10-17T12:41:38","guid":{"rendered":"http:\/\/localhost\/estatebravitutti\/estatebravitutti\/?page_id=7"},"modified":"2023-01-19T10:28:56","modified_gmt":"2023-01-19T09:28:56","slug":"noi","status":"publish","type":"page","link":"https:\/\/bravitutti.net\/estatebravitutti\/noi\/","title":{"rendered":"Noi"},"content":{"rendered":"<p>[vc_row css_animation=&#8221;&#8221; row_type=&#8221;row&#8221; use_row_as_full_screen_section=&#8221;no&#8221; type=&#8221;grid&#8221; angled_section=&#8221;no&#8221; text_align=&#8221;left&#8221; background_image_as_pattern=&#8221;without_pattern&#8221; z_index=&#8221;&#8221;][vc_column][vc_column_text]<\/p>\n<h3 style=\"text-align: center\"><strong>Nel 2014 abbiamo iniziato questo bellissimo viaggio insieme.<\/strong><\/h3>\n<p>[\/vc_column_text][vc_empty_space][vc_single_image image=&#8221;187&#8243; alignment=&#8221;center&#8221; qode_css_animation=&#8221;&#8221;][vc_empty_space]<div class=\"vc_row vc_inner elencoStaff\"><div class=\"vc_col-md-4\"><img style=\"background:url('https:\/\/bravitutti.net\/estatebravitutti\/wp-content\/uploads\/sites\/2\/2022\/10\/staff_2.jpg')\" src=\"https:\/\/bravitutti.net\/estatebravitutti\/wp-content\/themes\/bridge-child\/img\/imgPlaceholder.png\"\/><\/div><div class=\"vc_col-md-8\"><h4>Lorenza<\/h4>Ho gestito per 7 anni un rifugio alpino sul Monte Rosa, organizzando campi di volontariato ambientale in collaborazione con Legambiente ed il Cai. Sono stata animatrice di laboratorio al Museo della Scienza di Milano, occupandomi di attivit\u00e0 rivolte a bambini e ragazzi, e coordinatrice di un Centro di Aggregazione Giovanile, conducendo laboratori video rivolti ai giovani. Oggi lavoro come insegnante di scuola primaria!<\/div><\/div><div class=\"vc_row vc_inner elencoStaff\"><div class=\"vc_col-md-4\"><img style=\"background:url('https:\/\/bravitutti.net\/estatebravitutti\/wp-content\/uploads\/sites\/2\/2022\/10\/staff_3.jpg')\" src=\"https:\/\/bravitutti.net\/estatebravitutti\/wp-content\/themes\/bridge-child\/img\/imgPlaceholder.png\"\/><\/div><div class=\"vc_col-md-8\"><h4>Matteo<\/h4>La mia esperienza inizia nella met\u00e0 degli anni 90 come accompagnatore volontario di ragazzi diversamente abili durante soggiorni estivi in Italia e all\u2019estero; prosegue con gli adolescenti in missioni di pace internazionali tra cui la Bosnia nel 1998 e l\u2019Albania nel 1999. Nel 2000 parto per lo Zambia dove rimango alcuni mesi, una delle esperienze fondamentali per la mia formazione. Dal 2001 ad oggi, partecipo alla realizzazione di centri estivi diurni e residenziali, rivolti a bambini e ragazzi 4-14 anni. Durante l\u2019anno lavoro nelle scuole dell\u2019Infanzia e Primarie come esperto esterno d\u2019arte e musica. Atelierista pedagogico ed arteterapeuta.<\/div><\/div><div class=\"vc_row vc_inner elencoStaff\"><div class=\"vc_col-md-4\"><img style=\"background:url('https:\/\/bravitutti.net\/estatebravitutti\/wp-content\/uploads\/sites\/2\/2025\/03\/Immagine-WhatsApp-2025-03-28-ore-11.02.42_6ebbdb9b-e1743161691524.jpg')\" src=\"https:\/\/bravitutti.net\/estatebravitutti\/wp-content\/themes\/bridge-child\/img\/imgPlaceholder.png\"\/><\/div><div class=\"vc_col-md-8\"><h4>Susanna<\/h4>Mi chiamo Susanna, sono laureata in Scienze dell\u2019Educazione e sto proseguendo i miei studi in ambito pedagogico. Da tanti anni collaboro con entusiasmo a Estate Bravi Tutti, che per me \u00e8 molto pi\u00f9 di un campus: \u00e8 un luogo di scoperte, relazioni e meraviglia condivisa. Amo tutto ci\u00f2 che ha a che fare con la creativit\u00e0. Mi piace intrecciare i diversi linguaggi con gli interessi dei bambini e dei ragazzi, che portano sempre nuovi spunti, idee e visioni. Ho maturato tanta esperienza anche in contesti di fragilit\u00e0 o disabilit\u00e0, dove ogni incontro \u00e8 un\u2019occasione preziosa di crescita reciproca. Ora vivo a Londra, dove , nuove culture ed esperienze diverse, stanno arricchendo il mio percorso personale e\u00a0professionale.<\/div><\/div><div class=\"vc_row vc_inner elencoStaff\"><div class=\"vc_col-md-4\"><img style=\"background:url('https:\/\/bravitutti.net\/estatebravitutti\/wp-content\/uploads\/sites\/2\/2025\/03\/MARYLIN-e1743177193380.jpg')\" src=\"https:\/\/bravitutti.net\/estatebravitutti\/wp-content\/themes\/bridge-child\/img\/imgPlaceholder.png\"\/><\/div><div class=\"vc_col-md-8\"><h4>Marylin<\/h4>Sono un'educatrice con competenze tecnico ABA, conoscenza della lingua LIS e Braille. Da sempre ho lavorato con bambini e adolescenti all'interno di associazioni e scuole. Il mio ruolo \u00e8 quello di entrare in campo come un mediatore della relazione per permettere il crearsi di rapporti significativi e promuovere la cultura della diversit\u00e0. I miei interessi sono la natura, il cucito, le chiacchiere e le risate in buona compagnia!<\/div><\/div><div class=\"vc_row vc_inner elencoStaff\"><div class=\"vc_col-md-4\"><img style=\"background:url('https:\/\/bravitutti.net\/estatebravitutti\/wp-content\/uploads\/sites\/2\/2023\/01\/claudia-pwer-sito-e1685096805708.jpg')\" src=\"https:\/\/bravitutti.net\/estatebravitutti\/wp-content\/themes\/bridge-child\/img\/imgPlaceholder.png\"\/><\/div><div class=\"vc_col-md-8\"><h4>Claudia<\/h4>Arrivo dalla Sardegna. Sono laureata in Lettere ed insegno italiano alle medie e agli stranieri. Al momento seguo un corso di pedagogia e di educazione all\u2019aperto. Per i prossimi mesi ho in programma di viaggiare il pi\u00f9 possibile e di imparare dalla maestra pi\u00f9 importante: l\u2019esperienza vissuta. Ho fatto i lavori pi\u00f9 disparati, ma ho scelto di insegnare, e fare la volontaria mi permetter\u00e0 di acquisire maggiore esperienza dal punto di vista educativo. Sono una persona dinamica, curiosa del mondo e sempre alla ricerca di qualcosa. Amo le storie in ogni loro forma (film, libri, serie\u2026) e scrivere poesie. Trovo la pace nel lavoro manuale, nelle camminate, nel contatto diretto con la Natura e grazie alla pratica yoga.\u201d<\/div><\/div><div class=\"vc_row vc_inner elencoStaff\"><div class=\"vc_col-md-4\"><img style=\"background:url('https:\/\/bravitutti.net\/estatebravitutti\/wp-content\/uploads\/sites\/2\/2025\/03\/marika2-e1743176853484.jpg')\" src=\"https:\/\/bravitutti.net\/estatebravitutti\/wp-content\/themes\/bridge-child\/img\/imgPlaceholder.png\"\/><\/div><div class=\"vc_col-md-8\"><h4>Marica<\/h4>Il mio ruolo principale \u00e8 occuparmi della cucina e dei gruppi di bambini e ragazzi che ogni giorno, a turno, collaborano nella preparazione di pranzi, merende e cene per il gruppo. Sono una persona creativa, mi piace fare lavori manuali e immaginare le mie creazioni. Positiva e tenace, sono convinta che nella vita si possa sempre migliorare dando il meglio di noi stessi in tutto ci\u00f2 che si fa. Mi piace la vita, mettermi alla prova ed imparare. Mi ritengo anche una persona discreta, tendo ad osservare i particolari per leggere tra le righe. Ora studio scienze dell\u2019educazione e spero un giorno di riuscire a realizzare il mio sogno e lavorare con i bambini a tempo pieno.<\/div><\/div>[\/vc_column][\/vc_row]<\/p>\n","protected":false},"excerpt":{"rendered":"<p>[vc_row css_animation=&#8221;&#8221; row_type=&#8221;row&#8221; use_row_as_full_screen_section=&#8221;no&#8221; type=&#8221;grid&#8221; angled_section=&#8221;no&#8221; text_align=&#8221;left&#8221; background_image_as_pattern=&#8221;without_pattern&#8221; z_index=&#8221;&#8221;][vc_column][vc_column_text] Nel 2014 abbiamo iniziato questo bellissimo viaggio insieme. [\/vc_column_text][vc_empty_space][vc_single_image image=&#8221;187&#8243; alignment=&#8221;center&#8221; qode_css_animation=&#8221;&#8221;][vc_empty_space][\/vc_column][\/vc_row]<\/p>\n","protected":false},"author":2,"featured_media":0,"parent":0,"menu_order":0,"comment_status":"closed","ping_status":"closed","template":"full_width.php","meta":[],"acf":[],"yoast_head":"<!-- This site is optimized with the Yoast SEO plugin v19.6.1 - https:\/\/yoast.com\/wordpress\/plugins\/seo\/ -->\n<title>Noi - Estatebravitutti<\/title>\n<meta name=\"robots\" content=\"index, follow, max-snippet:-1, max-image-preview:large, max-video-preview:-1\" \/>\n<link rel=\"canonical\" href=\"https:\/\/bravitutti.net\/estatebravitutti\/noi\/\" \/>\n<meta property=\"og:locale\" content=\"it_IT\" \/>\n<meta property=\"og:type\" content=\"article\" \/>\n<meta property=\"og:title\" content=\"Noi - Estatebravitutti\" \/>\n<meta property=\"og:description\" content=\"[vc_row css_animation=&#8221;&#8221; row_type=&#8221;row&#8221; use_row_as_full_screen_section=&#8221;no&#8221; type=&#8221;grid&#8221; angled_section=&#8221;no&#8221; text_align=&#8221;left&#8221; background_image_as_pattern=&#8221;without_pattern&#8221; z_index=&#8221;&#8221;][vc_column][vc_column_text] Nel 2014 abbiamo iniziato questo bellissimo viaggio insieme. [\/vc_column_text][vc_empty_space][vc_single_image image=&#8221;187&#8243; alignment=&#8221;center&#8221; qode_css_animation=&#8221;&#8221;][vc_empty_space][\/vc_column][\/vc_row]\" \/>\n<meta property=\"og:url\" content=\"https:\/\/bravitutti.net\/estatebravitutti\/noi\/\" \/>\n<meta property=\"og:site_name\" content=\"Estatebravitutti\" \/>\n<meta property=\"article:modified_time\" content=\"2023-01-19T09:28:56+00:00\" \/>\n<meta name=\"twitter:card\" content=\"summary_large_image\" \/>\n<meta name=\"twitter:label1\" content=\"Tempo di lettura stimato\" \/>\n\t<meta name=\"twitter:data1\" content=\"1 minuto\" \/>\n<script type=\"application\/ld+json\" class=\"yoast-schema-graph\">{\"@context\":\"https:\/\/schema.org\",\"@graph\":[{\"@type\":\"WebPage\",\"@id\":\"https:\/\/bravitutti.net\/estatebravitutti\/noi\/\",\"url\":\"https:\/\/bravitutti.net\/estatebravitutti\/noi\/\",\"name\":\"Noi - Estatebravitutti\",\"isPartOf\":{\"@id\":\"https:\/\/bravitutti.net\/estatebravitutti\/#website\"},\"datePublished\":\"2022-10-17T12:41:38+00:00\",\"dateModified\":\"2023-01-19T09:28:56+00:00\",\"breadcrumb\":{\"@id\":\"https:\/\/bravitutti.net\/estatebravitutti\/noi\/#breadcrumb\"},\"inLanguage\":\"it-IT\",\"potentialAction\":[{\"@type\":\"ReadAction\",\"target\":[\"https:\/\/bravitutti.net\/estatebravitutti\/noi\/\"]}]},{\"@type\":\"BreadcrumbList\",\"@id\":\"https:\/\/bravitutti.net\/estatebravitutti\/noi\/#breadcrumb\",\"itemListElement\":[{\"@type\":\"ListItem\",\"position\":1,\"name\":\"Home\",\"item\":\"https:\/\/bravitutti.net\/estatebravitutti\/\"},{\"@type\":\"ListItem\",\"position\":2,\"name\":\"Noi\"}]},{\"@type\":\"WebSite\",\"@id\":\"https:\/\/bravitutti.net\/estatebravitutti\/#website\",\"url\":\"https:\/\/bravitutti.net\/estatebravitutti\/\",\"name\":\"Estatebravitutti\",\"description\":\"\",\"potentialAction\":[{\"@type\":\"SearchAction\",\"target\":{\"@type\":\"EntryPoint\",\"urlTemplate\":\"https:\/\/bravitutti.net\/estatebravitutti\/?s={search_term_string}\"},\"query-input\":\"required name=search_term_string\"}],\"inLanguage\":\"it-IT\"}]}<\/script>\n<!-- \/ Yoast SEO plugin. -->","yoast_head_json":{"title":"Noi - Estatebravitutti","robots":{"index":"index","follow":"follow","max-snippet":"max-snippet:-1","max-image-preview":"max-image-preview:large","max-video-preview":"max-video-preview:-1"},"canonical":"https:\/\/bravitutti.net\/estatebravitutti\/noi\/","og_locale":"it_IT","og_type":"article","og_title":"Noi - Estatebravitutti","og_description":"[vc_row css_animation=&#8221;&#8221; row_type=&#8221;row&#8221; use_row_as_full_screen_section=&#8221;no&#8221; type=&#8221;grid&#8221; angled_section=&#8221;no&#8221; text_align=&#8221;left&#8221; background_image_as_pattern=&#8221;without_pattern&#8221; z_index=&#8221;&#8221;][vc_column][vc_column_text] Nel 2014 abbiamo iniziato questo bellissimo viaggio insieme. [\/vc_column_text][vc_empty_space][vc_single_image image=&#8221;187&#8243; alignment=&#8221;center&#8221; qode_css_animation=&#8221;&#8221;][vc_empty_space][\/vc_column][\/vc_row]","og_url":"https:\/\/bravitutti.net\/estatebravitutti\/noi\/","og_site_name":"Estatebravitutti","article_modified_time":"2023-01-19T09:28:56+00:00","twitter_card":"summary_large_image","twitter_misc":{"Tempo di lettura stimato":"1 minuto"},"schema":{"@context":"https:\/\/schema.org","@graph":[{"@type":"WebPage","@id":"https:\/\/bravitutti.net\/estatebravitutti\/noi\/","url":"https:\/\/bravitutti.net\/estatebravitutti\/noi\/","name":"Noi - Estatebravitutti","isPartOf":{"@id":"https:\/\/bravitutti.net\/estatebravitutti\/#website"},"datePublished":"2022-10-17T12:41:38+00:00","dateModified":"2023-01-19T09:28:56+00:00","breadcrumb":{"@id":"https:\/\/bravitutti.net\/estatebravitutti\/noi\/#breadcrumb"},"inLanguage":"it-IT","potentialAction":[{"@type":"ReadAction","target":["https:\/\/bravitutti.net\/estatebravitutti\/noi\/"]}]},{"@type":"BreadcrumbList","@id":"https:\/\/bravitutti.net\/estatebravitutti\/noi\/#breadcrumb","itemListElement":[{"@type":"ListItem","position":1,"name":"Home","item":"https:\/\/bravitutti.net\/estatebravitutti\/"},{"@type":"ListItem","position":2,"name":"Noi"}]},{"@type":"WebSite","@id":"https:\/\/bravitutti.net\/estatebravitutti\/#website","url":"https:\/\/bravitutti.net\/estatebravitutti\/","name":"Estatebravitutti","description":"","potentialAction":[{"@type":"SearchAction","target":{"@type":"EntryPoint","urlTemplate":"https:\/\/bravitutti.net\/estatebravitutti\/?s={search_term_string}"},"query-input":"required name=search_term_string"}],"inLanguage":"it-IT"}]}},"_links":{"self":[{"href":"https:\/\/bravitutti.net\/estatebravitutti\/wp-json\/wp\/v2\/pages\/7"}],"collection":[{"href":"https:\/\/bravitutti.net\/estatebravitutti\/wp-json\/wp\/v2\/pages"}],"about":[{"href":"https:\/\/bravitutti.net\/estatebravitutti\/wp-json\/wp\/v2\/types\/page"}],"author":[{"embeddable":true,"href":"https:\/\/bravitutti.net\/estatebravitutti\/wp-json\/wp\/v2\/users\/2"}],"replies":[{"embeddable":true,"href":"https:\/\/bravitutti.net\/estatebravitutti\/wp-json\/wp\/v2\/comments?post=7"}],"version-history":[{"count":27,"href":"https:\/\/bravitutti.net\/estatebravitutti\/wp-json\/wp\/v2\/pages\/7\/revisions"}],"predecessor-version":[{"id":605,"href":"https:\/\/bravitutti.net\/estatebravitutti\/wp-json\/wp\/v2\/pages\/7\/revisions\/605"}],"wp:attachment":[{"href":"https:\/\/bravitutti.net\/estatebravitutti\/wp-json\/wp\/v2\/media?parent=7"}],"curies":[{"name":"wp","href":"https:\/\/api.w.org\/{rel}","templated":true}]}}

<p>[vc_row css_animation=&#8221;&#8221; row_type=&#8221;row&#8221; use_row_as_full_screen_section=&#8221;no&#8221; type=&#8221;grid&#8221; angled_section=&#8221;no&#8221; text_align=&#8221;left&#8221; background_image_as_pattern=&#8221;without_pattern&#8221; z_index=&#8221;&#8221;][vc_column][vc_column_text]</p>
<h3 style="text-align: center"><strong>Nel 2014 abbiamo iniziato questo bellissimo viaggio insieme.</strong></h3>
<p>[/vc_column_text][vc_empty_space][vc_single_image image=&#8221;187&#8243; alignment=&#8221;center&#8221; qode_css_animation=&#8221;&#8221;][vc_empty_space]<div class="vc_row vc_inner elencoStaff"><div class="vc_col-md-4"><img style="background:url('https://bravitutti.net/estatebravitutti/wp-content/uploads/sites/2/2022/10/staff_2.jpg')" src="https://bravitutti.net/estatebravitutti/wp-content/themes/bridge-child/img/imgPlaceholder.png"/></div><div class="vc_col-md-8"><h4>Lorenza</h4>Ho gestito per 7 anni un rifugio alpino sul Monte Rosa, organizzando campi di volontariato ambientale in collaborazione con Legambiente ed il Cai. Sono stata animatrice di laboratorio al Museo della Scienza di Milano, occupandomi di attività rivolte a bambini e ragazzi, e coordinatrice di un Centro di Aggregazione Giovanile, conducendo laboratori video rivolti ai giovani. Oggi lavoro come insegnante di scuola primaria!</div></div><div class="vc_row vc_inner elencoStaff"><div class="vc_col-md-4"><img style="background:url('https://bravitutti.net/estatebravitutti/wp-content/uploads/sites/2/2022/10/staff_3.jpg')" src="https://bravitutti.net/estatebravitutti/wp-content/themes/bridge-child/img/imgPlaceholder.png"/></div><div class="vc_col-md-8"><h4>Matteo</h4>La mia esperienza inizia nella metà degli anni 90 come accompagnatore volontario di ragazzi diversamente abili durante soggiorni estivi in Italia e all’estero; prosegue con gli adolescenti in missioni di pace internazionali tra cui la Bosnia nel 1998 e l’Albania nel 1999. Nel 2000 parto per lo Zambia dove rimango alcuni mesi, una delle esperienze fondamentali per la mia formazione. Dal 2001 ad oggi, partecipo alla realizzazione di centri estivi diurni e residenziali, rivolti a bambini e ragazzi 4-14 anni. Durante l’anno lavoro nelle scuole dell’Infanzia e Primarie come esperto esterno d’arte e musica. Atelierista pedagogico ed arteterapeuta.</div></div><div class="vc_row vc_inner elencoStaff"><div class="vc_col-md-4"><img style="background:url('https://bravitutti.net/estatebravitutti/wp-content/uploads/sites/2/2025/03/Immagine-WhatsApp-2025-03-28-ore-11.02.42_6ebbdb9b-e1743161691524.jpg')" src="https://bravitutti.net/estatebravitutti/wp-content/themes/bridge-child/img/imgPlaceholder.png"/></div><div class="vc_col-md-8"><h4>Susanna</h4>Mi chiamo Susanna, sono laureata in Scienze dell’Educazione e sto proseguendo i miei studi in ambito pedagogico. Da tanti anni collaboro con entusiasmo a Estate Bravi Tutti, che per me è molto più di un campus: è un luogo di scoperte, relazioni e meraviglia condivisa. Amo tutto ciò che ha a che fare con la creatività. Mi piace intrecciare i diversi linguaggi con gli interessi dei bambini e dei ragazzi, che portano sempre nuovi spunti, idee e visioni. Ho maturato tanta esperienza anche in contesti di fragilità o disabilità, dove ogni incontro è un’occasione preziosa di crescita reciproca. Ora vivo a Londra, dove , nuove culture ed esperienze diverse, stanno arricchendo il mio percorso personale e professionale.</div></div><div class="vc_row vc_inner elencoStaff"><div class="vc_col-md-4"><img style="background:url('https://bravitutti.net/estatebravitutti/wp-content/uploads/sites/2/2025/03/MARYLIN-e1743177193380.jpg')" src="https://bravitutti.net/estatebravitutti/wp-content/themes/bridge-child/img/imgPlaceholder.png"/></div><div class="vc_col-md-8"><h4>Marylin</h4>Sono un'educatrice con competenze tecnico ABA, conoscenza della lingua LIS e Braille. Da sempre ho lavorato con bambini e adolescenti all'interno di associazioni e scuole. Il mio ruolo è quello di entrare in campo come un mediatore della relazione per permettere il crearsi di rapporti significativi e promuovere la cultura della diversità. I miei interessi sono la natura, il cucito, le chiacchiere e le risate in buona compagnia!</div></div><div class="vc_row vc_inner elencoStaff"><div class="vc_col-md-4"><img style="background:url('https://bravitutti.net/estatebravitutti/wp-content/uploads/sites/2/2023/01/claudia-pwer-sito-e1685096805708.jpg')" src="https://bravitutti.net/estatebravitutti/wp-content/themes/bridge-child/img/imgPlaceholder.png"/></div><div class="vc_col-md-8"><h4>Claudia</h4>Arrivo dalla Sardegna. Sono laureata in Lettere ed insegno italiano alle medie e agli stranieri. Al momento seguo un corso di pedagogia e di educazione all’aperto. Per i prossimi mesi ho in programma di viaggiare il più possibile e di imparare dalla maestra più importante: l’esperienza vissuta. Ho fatto i lavori più disparati, ma ho scelto di insegnare, e fare la volontaria mi permetterà di acquisire maggiore esperienza dal punto di vista educativo. Sono una persona dinamica, curiosa del mondo e sempre alla ricerca di qualcosa. Amo le storie in ogni loro forma (film, libri, serie…) e scrivere poesie. Trovo la pace nel lavoro manuale, nelle camminate, nel contatto diretto con la Natura e grazie alla pratica yoga.”</div></div><div class="vc_row vc_inner elencoStaff"><div class="vc_col-md-4"><img style="background:url('https://bravitutti.net/estatebravitutti/wp-content/uploads/sites/2/2025/03/marika2-e1743176853484.jpg')" src="https://bravitutti.net/estatebravitutti/wp-content/themes/bridge-child/img/imgPlaceholder.png"/></div><div class="vc_col-md-8"><h4>Marica</h4>Il mio ruolo principale è occuparmi della cucina e dei gruppi di bambini e ragazzi che ogni giorno, a turno, collaborano nella preparazione di pranzi, merende e cene per il gruppo. Sono una persona creativa, mi piace fare lavori manuali e immaginare le mie creazioni. Positiva e tenace, sono convinta che nella vita si possa sempre migliorare dando il meglio di noi stessi in tutto ciò che si fa. Mi piace la vita, mettermi alla prova ed imparare. Mi ritengo anche una persona discreta, tendo ad osservare i particolari per leggere tra le righe. Ora studio scienze dell’educazione e spero un giorno di riuscire a realizzare il mio sogno e lavorare con i bambini a tempo pieno.</div></div>[/vc_column][/vc_row]</p>
