{"id":286,"date":"2023-01-16T15:14:47","date_gmt":"2023-01-16T14:14:47","guid":{"rendered":"https:\/\/bravitutti.net\/bravituttiascuola\/?page_id=286"},"modified":"2026-02-05T18:00:18","modified_gmt":"2026-02-05T17:00:18","slug":"primaria","status":"publish","type":"page","link":"https:\/\/bravitutti.net\/bravituttiascuola\/primaria\/","title":{"rendered":"Primaria"},"content":{"rendered":"<p>[vc_row css_animation=&#8221;&#8221; row_type=&#8221;row&#8221; use_row_as_full_screen_section=&#8221;no&#8221; type=&#8221;full_width&#8221; angled_section=&#8221;no&#8221; text_align=&#8221;left&#8221; background_image_as_pattern=&#8221;without_pattern&#8221;][vc_column width=&#8221;1\/3&#8243;][vc_column_text]<\/p>\n<h3 style=\"text-align: center\"><strong>Intrecci d&#8217;arte<\/strong><\/h3>\n<p>[\/vc_column_text][vc_column_text]<strong>Obiettivi:<\/strong><\/p>\n<ul>\n<li>Discriminare i suoni secondo caratteristiche soggettive e oggettive<\/li>\n<li>Sperimentare l&#8217;esistenza di connessioni tra le arti<\/li>\n<li>Incrementare la consapevolezza che intorno a noi non esiste il silenzio<\/li>\n<li>Incrementare la consapevolezza che l&#8217;ambiente sonoro influenza la vita dell&#8217;uomo<\/li>\n<li>Divertirsi<\/li>\n<\/ul>\n<p>[\/vc_column_text][\/vc_column][vc_column width=&#8221;1\/3&#8243;][vc_column_text]<\/p>\n<h3 style=\"text-align: center\"><strong>Da un libro<\/strong><\/h3>\n<p>[\/vc_column_text][vc_column_text]<strong>Obiettivi:<\/strong><\/p>\n<ul>\n<li>Manipolazione del materiale \u201ccarta\u201d in svariate forme<\/li>\n<li>Coglierne la versatilit\u00e0<\/li>\n<li>Coglierne le possibili funzioni e farne possibilit\u00e0 di gioco<\/li>\n<\/ul>\n<p>[\/vc_column_text][\/vc_column][vc_column width=&#8221;1\/3&#8243;][vc_column_text]<\/p>\n<h3 style=\"text-align: center\"><strong>Il pregiudizio<\/strong><\/h3>\n<p>[\/vc_column_text][vc_column_text]<strong>Obiettivi :<\/strong><\/p>\n<p>\u2022 Sperimentare la difficolt\u00e0 di raggiungere un risultato<br \/>\nsenza la totalit\u00e0 delle informazioni<br \/>\n\u2022 Evidenziare il rapporto tra ci\u00f2 che sembra e ci\u00f2 che \u00e8<br \/>\n\u2022 Esperire il cambio di punto di vista<br \/>\n\u2022 Cimentarsi in discussioni nel piccolo e grande gruppo<br \/>\n\u2022 Divertirsi[\/vc_column_text][\/vc_column][\/vc_row][vc_row css_animation=&#8221;&#8221; row_type=&#8221;row&#8221; use_row_as_full_screen_section=&#8221;no&#8221; type=&#8221;full_width&#8221; angled_section=&#8221;no&#8221; text_align=&#8221;left&#8221; background_image_as_pattern=&#8221;without_pattern&#8221;][vc_column width=&#8221;1\/3&#8243;][vc_column_text]<\/p>\n<h3 style=\"text-align: center\"><strong>Sulle orme di Hugo Zemp<\/strong><\/h3>\n<p>[\/vc_column_text][vc_column_text]<strong>Obiettivi :<\/strong><\/p>\n<ul>\n<li>Sperimentare l&#8217;ascolto attivo<\/li>\n<li>Formulare opinioni personali in merito ai brani musicali ascoltati<\/li>\n<li>Formulare opinioni condivise in piccoli gruppi<\/li>\n<li>Aumentare le consapevolezze in merito a ci\u00f2 che ci differenzia o ci rende simili a popoli con diversa cultura<\/li>\n<li>Riprodurre una versione musicale di classe<\/li>\n<li>Divertirsi<\/li>\n<\/ul>\n<p>[\/vc_column_text][\/vc_column][vc_column width=&#8221;1\/3&#8243;][vc_column_text]<\/p>\n<h3 style=\"text-align: center\"><strong>Tra fantasia e fantascienza<\/strong><\/h3>\n<p>[\/vc_column_text][vc_column_text]<strong>Obiettivi :<\/strong><\/p>\n<ul>\n<li>sostenere abilit\u00e0 visuo-percettive e motorie<\/li>\n<li>incrementare il ragionamento logico<\/li>\n<li>stimolare la memoria di lavoro visuo-spaziale<\/li>\n<li>sostenere lo sviluppo della capacit\u00e0 di pianificare<\/li>\n<li>affrontare il problem solving<\/li>\n<li>incrementare l&#8217;attenzione e la motivazione<\/li>\n<\/ul>\n<p>[\/vc_column_text][\/vc_column][vc_column width=&#8221;1\/3&#8243;][vc_column_text]<\/p>\n<h3 style=\"text-align: center\"><strong>I suoni della preistoria<\/strong><\/h3>\n<p>[\/vc_column_text][vc_column_text]<strong>Obiettivi:<\/strong><\/p>\n<p>\u2022 Sperimentare il silenzio come strumento per ampliare le<br \/>\npotenzialit\u00e0 di ricezione uditiva<br \/>\n\u2022 Riconoscere la funzione sociale dei suoni<br \/>\n\u2022 Saper classificare i suoni e i rumori per tipologia<br \/>\n\u2022 Cogliere il rapporto tra l&#8217;intensit\u00e0 e la distanza dei<br \/>\nsuoni<br \/>\n\u2022 Sperimentare l&#8217;immersione in un&#8217;attivit\u00e0 di simulazione<br \/>\n\u2022 Divertirsi[\/vc_column_text][\/vc_column][\/vc_row][vc_row css_animation=&#8221;&#8221; row_type=&#8221;row&#8221; use_row_as_full_screen_section=&#8221;no&#8221; type=&#8221;full_width&#8221; angled_section=&#8221;no&#8221; text_align=&#8221;left&#8221; background_image_as_pattern=&#8221;without_pattern&#8221;][vc_column width=&#8221;1\/3&#8243;][vc_column_text]<\/p>\n<h3 style=\"text-align: center\"><strong>Avventure nello spazio<\/strong><\/h3>\n<p>[\/vc_column_text][vc_column_text]<strong>Obiettivi:<\/strong><\/p>\n<ul>\n<li>Stimolare il lavoro di gruppo<\/li>\n<li>Orientare il lavoro al raggiungimento di un risultato oggettivamente verificabile<\/li>\n<li>Incrementare l&#8217;attivit\u00e0 di problem solving<\/li>\n<li>Confrontarsi con le proprie possibilit\u00e0 concrete di agire legate alle stelline possedute<\/li>\n<li>Divertirsi<\/li>\n<\/ul>\n<p>[\/vc_column_text][\/vc_column][vc_column width=&#8221;1\/3&#8243;][vc_column_text]<\/p>\n<h3 style=\"text-align: center\"><strong>Una musica a regola d&#8217;arte<\/strong><\/h3>\n<p>[\/vc_column_text][vc_column_text]<strong>Obiettivi:<\/strong><\/p>\n<ul>\n<li>Scoprire le propriet\u00e0 specifiche del suono e la sua origine<\/li>\n<li>Discriminare tra suoni e rumori, caos e ritmo<\/li>\n<li>Sperimentare la forza immaginale della musica<\/li>\n<li>Sperimentarsi nella costruzione di uno strumento musicale<\/li>\n<li>Convenire sull&#8217;utilit\u00e0 di un ascolto attento dell&#8217;ambiente e dell&#8217;altro.<\/li>\n<li>Convenire sulla necessit\u00e0 di una partecipazione attiva personale per un fine comune<\/li>\n<li>Convenire sulla necessit\u00e0 di un linguaggio comune per comprendersi gli uni con gli altri<\/li>\n<li>Divertirsi<\/li>\n<\/ul>\n<p>[\/vc_column_text][\/vc_column][vc_column width=&#8221;1\/3&#8243;][vc_column_text]<\/p>\n<h3 style=\"text-align: center\"><strong>Teatro e narrazione<\/strong><\/h3>\n<p>[\/vc_column_text][vc_empty_space height=&#8221;43px&#8221;][vc_column_text]<strong>Obiettivi:<\/strong><\/p>\n<ul>\n<li>incrementare l\u2019ascolto reciproco alimentando la fiducia in s\u00e9 stessi e nel gruppo<\/li>\n<li>\u00a0fornire opportunit\u00e0 all\u2019 immedesimazione<\/li>\n<li>assottigliare eventuali pregiudizi attraverso la libert\u00e0 di espressione e di pensiero<\/li>\n<li>facilitare le relazioni incrementando in rispetto e il riconoscimento reciproco<\/li>\n<li>entrare in relazione ludica e sensoriale con lo spazio e con il tempo<\/li>\n<li>collaborare per la realizzazione di un progetto comune<\/li>\n<\/ul>\n<p>[\/vc_column_text][\/vc_column][\/vc_row]<\/p>\n","protected":false},"excerpt":{"rendered":"<p>[vc_row css_animation=&#8221;&#8221; row_type=&#8221;row&#8221; use_row_as_full_screen_section=&#8221;no&#8221; type=&#8221;full_width&#8221; angled_section=&#8221;no&#8221; text_align=&#8221;left&#8221; background_image_as_pattern=&#8221;without_pattern&#8221;][vc_column width=&#8221;1\/3&#8243;][vc_column_text] Intrecci d&#8217;arte [\/vc_column_text][vc_column_text]Obiettivi: Discriminare i suoni secondo caratteristiche soggettive e oggettive Sperimentare l&#8217;esistenza di connessioni tra le arti Incrementare la consapevolezza che intorno a noi non esiste il silenzio Incrementare la consapevolezza che l&#8217;ambiente sonoro influenza&#8230;<\/p>\n","protected":false},"author":8,"featured_media":0,"parent":0,"menu_order":0,"comment_status":"closed","ping_status":"closed","template":"","meta":[],"acf":[],"yoast_head":"<!-- This site is optimized with the Yoast SEO plugin v19.6.1 - https:\/\/yoast.com\/wordpress\/plugins\/seo\/ -->\n<title>Primaria - Bravituttiascuola<\/title>\n<meta name=\"robots\" content=\"index, follow, max-snippet:-1, max-image-preview:large, max-video-preview:-1\" \/>\n<link rel=\"canonical\" href=\"https:\/\/bravitutti.net\/bravituttiascuola\/primaria\/\" \/>\n<meta property=\"og:locale\" content=\"it_IT\" \/>\n<meta property=\"og:type\" content=\"article\" \/>\n<meta property=\"og:title\" content=\"Primaria - Bravituttiascuola\" \/>\n<meta property=\"og:description\" content=\"[vc_row css_animation=&#8221;&#8221; row_type=&#8221;row&#8221; use_row_as_full_screen_section=&#8221;no&#8221; type=&#8221;full_width&#8221; angled_section=&#8221;no&#8221; text_align=&#8221;left&#8221; background_image_as_pattern=&#8221;without_pattern&#8221;][vc_column width=&#8221;1\/3&#8243;][vc_column_text] Intrecci d&#8217;arte [\/vc_column_text][vc_column_text]Obiettivi: Discriminare i suoni secondo caratteristiche soggettive e oggettive Sperimentare l&#8217;esistenza di connessioni tra le arti Incrementare la consapevolezza che intorno a noi non esiste il silenzio Incrementare la consapevolezza che l&#8217;ambiente sonoro influenza...\" \/>\n<meta property=\"og:url\" content=\"https:\/\/bravitutti.net\/bravituttiascuola\/primaria\/\" \/>\n<meta property=\"og:site_name\" content=\"Bravituttiascuola\" \/>\n<meta property=\"article:modified_time\" content=\"2026-02-05T17:00:18+00:00\" \/>\n<meta name=\"twitter:card\" content=\"summary_large_image\" \/>\n<meta name=\"twitter:label1\" content=\"Tempo di lettura stimato\" \/>\n\t<meta name=\"twitter:data1\" content=\"3 minuti\" \/>\n<script type=\"application\/ld+json\" class=\"yoast-schema-graph\">{\"@context\":\"https:\/\/schema.org\",\"@graph\":[{\"@type\":\"WebPage\",\"@id\":\"https:\/\/bravitutti.net\/bravituttiascuola\/primaria\/\",\"url\":\"https:\/\/bravitutti.net\/bravituttiascuola\/primaria\/\",\"name\":\"Primaria - Bravituttiascuola\",\"isPartOf\":{\"@id\":\"https:\/\/bravitutti.net\/bravituttiascuola\/#website\"},\"datePublished\":\"2023-01-16T14:14:47+00:00\",\"dateModified\":\"2026-02-05T17:00:18+00:00\",\"breadcrumb\":{\"@id\":\"https:\/\/bravitutti.net\/bravituttiascuola\/primaria\/#breadcrumb\"},\"inLanguage\":\"it-IT\",\"potentialAction\":[{\"@type\":\"ReadAction\",\"target\":[\"https:\/\/bravitutti.net\/bravituttiascuola\/primaria\/\"]}]},{\"@type\":\"BreadcrumbList\",\"@id\":\"https:\/\/bravitutti.net\/bravituttiascuola\/primaria\/#breadcrumb\",\"itemListElement\":[{\"@type\":\"ListItem\",\"position\":1,\"name\":\"Home\",\"item\":\"https:\/\/bravitutti.net\/bravituttiascuola\/\"},{\"@type\":\"ListItem\",\"position\":2,\"name\":\"Primaria\"}]},{\"@type\":\"WebSite\",\"@id\":\"https:\/\/bravitutti.net\/bravituttiascuola\/#website\",\"url\":\"https:\/\/bravitutti.net\/bravituttiascuola\/\",\"name\":\"Bravituttiascuola\",\"description\":\"\",\"potentialAction\":[{\"@type\":\"SearchAction\",\"target\":{\"@type\":\"EntryPoint\",\"urlTemplate\":\"https:\/\/bravitutti.net\/bravituttiascuola\/?s={search_term_string}\"},\"query-input\":\"required name=search_term_string\"}],\"inLanguage\":\"it-IT\"}]}<\/script>\n<!-- \/ Yoast SEO plugin. -->","yoast_head_json":{"title":"Primaria - Bravituttiascuola","robots":{"index":"index","follow":"follow","max-snippet":"max-snippet:-1","max-image-preview":"max-image-preview:large","max-video-preview":"max-video-preview:-1"},"canonical":"https:\/\/bravitutti.net\/bravituttiascuola\/primaria\/","og_locale":"it_IT","og_type":"article","og_title":"Primaria - Bravituttiascuola","og_description":"[vc_row css_animation=&#8221;&#8221; row_type=&#8221;row&#8221; use_row_as_full_screen_section=&#8221;no&#8221; type=&#8221;full_width&#8221; angled_section=&#8221;no&#8221; text_align=&#8221;left&#8221; background_image_as_pattern=&#8221;without_pattern&#8221;][vc_column width=&#8221;1\/3&#8243;][vc_column_text] Intrecci d&#8217;arte [\/vc_column_text][vc_column_text]Obiettivi: Discriminare i suoni secondo caratteristiche soggettive e oggettive Sperimentare l&#8217;esistenza di connessioni tra le arti Incrementare la consapevolezza che intorno a noi non esiste il silenzio Incrementare la consapevolezza che l&#8217;ambiente sonoro influenza...","og_url":"https:\/\/bravitutti.net\/bravituttiascuola\/primaria\/","og_site_name":"Bravituttiascuola","article_modified_time":"2026-02-05T17:00:18+00:00","twitter_card":"summary_large_image","twitter_misc":{"Tempo di lettura stimato":"3 minuti"},"schema":{"@context":"https:\/\/schema.org","@graph":[{"@type":"WebPage","@id":"https:\/\/bravitutti.net\/bravituttiascuola\/primaria\/","url":"https:\/\/bravitutti.net\/bravituttiascuola\/primaria\/","name":"Primaria - Bravituttiascuola","isPartOf":{"@id":"https:\/\/bravitutti.net\/bravituttiascuola\/#website"},"datePublished":"2023-01-16T14:14:47+00:00","dateModified":"2026-02-05T17:00:18+00:00","breadcrumb":{"@id":"https:\/\/bravitutti.net\/bravituttiascuola\/primaria\/#breadcrumb"},"inLanguage":"it-IT","potentialAction":[{"@type":"ReadAction","target":["https:\/\/bravitutti.net\/bravituttiascuola\/primaria\/"]}]},{"@type":"BreadcrumbList","@id":"https:\/\/bravitutti.net\/bravituttiascuola\/primaria\/#breadcrumb","itemListElement":[{"@type":"ListItem","position":1,"name":"Home","item":"https:\/\/bravitutti.net\/bravituttiascuola\/"},{"@type":"ListItem","position":2,"name":"Primaria"}]},{"@type":"WebSite","@id":"https:\/\/bravitutti.net\/bravituttiascuola\/#website","url":"https:\/\/bravitutti.net\/bravituttiascuola\/","name":"Bravituttiascuola","description":"","potentialAction":[{"@type":"SearchAction","target":{"@type":"EntryPoint","urlTemplate":"https:\/\/bravitutti.net\/bravituttiascuola\/?s={search_term_string}"},"query-input":"required name=search_term_string"}],"inLanguage":"it-IT"}]}},"_links":{"self":[{"href":"https:\/\/bravitutti.net\/bravituttiascuola\/wp-json\/wp\/v2\/pages\/286"}],"collection":[{"href":"https:\/\/bravitutti.net\/bravituttiascuola\/wp-json\/wp\/v2\/pages"}],"about":[{"href":"https:\/\/bravitutti.net\/bravituttiascuola\/wp-json\/wp\/v2\/types\/page"}],"author":[{"embeddable":true,"href":"https:\/\/bravitutti.net\/bravituttiascuola\/wp-json\/wp\/v2\/users\/8"}],"replies":[{"embeddable":true,"href":"https:\/\/bravitutti.net\/bravituttiascuola\/wp-json\/wp\/v2\/comments?post=286"}],"version-history":[{"count":18,"href":"https:\/\/bravitutti.net\/bravituttiascuola\/wp-json\/wp\/v2\/pages\/286\/revisions"}],"predecessor-version":[{"id":404,"href":"https:\/\/bravitutti.net\/bravituttiascuola\/wp-json\/wp\/v2\/pages\/286\/revisions\/404"}],"wp:attachment":[{"href":"https:\/\/bravitutti.net\/bravituttiascuola\/wp-json\/wp\/v2\/media?parent=286"}],"curies":[{"name":"wp","href":"https:\/\/api.w.org\/{rel}","templated":true}]}}