{"id":274,"date":"2023-01-16T15:06:35","date_gmt":"2023-01-16T14:06:35","guid":{"rendered":"https:\/\/bravitutti.net\/bravituttiascuola\/?page_id=274"},"modified":"2023-03-09T10:44:31","modified_gmt":"2023-03-09T09:44:31","slug":"nido","status":"publish","type":"page","link":"https:\/\/bravitutti.net\/bravituttiascuola\/nido\/","title":{"rendered":"Nido"},"content":{"rendered":"<p>[vc_row css_animation=&#8221;&#8221; row_type=&#8221;row&#8221; use_row_as_full_screen_section=&#8221;no&#8221; type=&#8221;full_width&#8221; angled_section=&#8221;no&#8221; text_align=&#8221;left&#8221; background_image_as_pattern=&#8221;without_pattern&#8221;][vc_column width=&#8221;1\/3&#8243;][vc_column_text]<\/p>\n<h3 style=\"text-align: center\"><strong>I colori sulle dita<\/strong><\/h3>\n<p>[\/vc_column_text][vc_column_text]<b>Obiettivi:<\/b><\/p>\n<ul>\n<li>Sperimentare l&#8217;ascolto attivo<\/li>\n<li>Produrre una sequesnza motoria spontanea in risposta ad uno stimolo comune<\/li>\n<li>Avvicinamento al concetto di colore come propriet\u00e0 di ci\u00f2 che ci circonda<\/li>\n<li>Capacit\u00e0 di riconoscerli<\/li>\n<li>Cogliere le differenze che comporta l\u2019unione di pi\u00f9 colori<\/li>\n<li>Cimentarsi nell&#8217;attivit\u00e0 di immersione ed esplorazione totale tramite tutti i sensi<\/li>\n<\/ul>\n<p>[\/vc_column_text][\/vc_column][vc_column width=&#8221;1\/3&#8243;][vc_column_text]<\/p>\n<h3 style=\"text-align: center\"><strong>Attacco e stacco<\/strong><\/h3>\n<p>[\/vc_column_text][vc_column_text]<b>Obiettivi:\u00a0<\/b><\/p>\n<ul>\n<li>Capacit\u00e0\u00a0di discriminare\u00a0e\u00a0di riconoscere la natura dell\u2019oggetto<\/li>\n<li>Avvicinamento al concetto di \u201cdifferenza per\u00a0\u201d colore, forma, grandezza, superficie<\/li>\n<li>Cimentarsi nell&#8217;attivit\u00e0 di immersione ed esplorazione totale tramite tutti i sensi<\/li>\n<li>Potenziare la manualit\u00e0 fine necessaria all\u2019utilizzo dell\u2019oggetto<\/li>\n<\/ul>\n<p>[\/vc_column_text][\/vc_column][vc_column width=&#8221;1\/3&#8243;][vc_column_text]<\/p>\n<h3 style=\"text-align: center\"><strong>Mostro plasticone<\/strong><\/h3>\n<p>[\/vc_column_text][vc_column_text]<strong>Obiettivi:<\/strong><\/p>\n<ul>\n<li>Riavvicinare i bambini al gioco creativo limitando i giocattoli ready made<\/li>\n<li>Operare la sostituzione dei giochi con il loro consenso e la loro partecipazione attiva<\/li>\n<\/ul>\n<p>[\/vc_column_text][\/vc_column][\/vc_row][vc_row css_animation=&#8221;&#8221; row_type=&#8221;row&#8221; use_row_as_full_screen_section=&#8221;no&#8221; type=&#8221;full_width&#8221; angled_section=&#8221;no&#8221; text_align=&#8221;left&#8221; background_image_as_pattern=&#8221;without_pattern&#8221;][vc_column width=&#8221;1\/3&#8243;][vc_column_text]<\/p>\n<h3 style=\"text-align: center\"><strong>Le avventure di Aldo<\/strong><\/h3>\n<p>[\/vc_column_text][vc_column_text]<strong>Obiettivi:<\/strong><\/p>\n<ul>\n<li>Fornire ai bambini l&#8217;occasione per un ascolto attivo<\/li>\n<li>Invitare i bambini a produrre suoni con oggetti inusuali<\/li>\n<li>Aiutare i bambini ad interagire con la storia nei modi e nei tempi che lo richiedono<\/li>\n<li>Sperimentare l&#8217;attesa del proprio turno<\/li>\n<\/ul>\n<p>[\/vc_column_text][\/vc_column][vc_column width=&#8221;1\/3&#8243;][\/vc_column][vc_column width=&#8221;1\/3&#8243;][\/vc_column][\/vc_row]<\/p>\n","protected":false},"excerpt":{"rendered":"<p>[vc_row css_animation=&#8221;&#8221; row_type=&#8221;row&#8221; use_row_as_full_screen_section=&#8221;no&#8221; type=&#8221;full_width&#8221; angled_section=&#8221;no&#8221; text_align=&#8221;left&#8221; background_image_as_pattern=&#8221;without_pattern&#8221;][vc_column width=&#8221;1\/3&#8243;][vc_column_text] I colori sulle dita [\/vc_column_text][vc_column_text]Obiettivi: Sperimentare l&#8217;ascolto attivo Produrre una sequesnza motoria spontanea in risposta ad uno stimolo comune Avvicinamento al concetto di colore come propriet\u00e0 di ci\u00f2 che ci circonda Capacit\u00e0 di riconoscerli Cogliere le&#8230;<\/p>\n","protected":false},"author":8,"featured_media":0,"parent":0,"menu_order":0,"comment_status":"closed","ping_status":"closed","template":"","meta":[],"acf":[],"yoast_head":"<!-- This site is optimized with the Yoast SEO plugin v19.6.1 - https:\/\/yoast.com\/wordpress\/plugins\/seo\/ -->\n<title>Nido - Bravituttiascuola<\/title>\n<meta name=\"robots\" content=\"index, follow, max-snippet:-1, max-image-preview:large, max-video-preview:-1\" \/>\n<link rel=\"canonical\" href=\"https:\/\/bravitutti.net\/bravituttiascuola\/nido\/\" \/>\n<meta property=\"og:locale\" content=\"it_IT\" \/>\n<meta property=\"og:type\" content=\"article\" \/>\n<meta property=\"og:title\" content=\"Nido - Bravituttiascuola\" \/>\n<meta property=\"og:description\" content=\"[vc_row css_animation=&#8221;&#8221; row_type=&#8221;row&#8221; use_row_as_full_screen_section=&#8221;no&#8221; type=&#8221;full_width&#8221; angled_section=&#8221;no&#8221; text_align=&#8221;left&#8221; background_image_as_pattern=&#8221;without_pattern&#8221;][vc_column width=&#8221;1\/3&#8243;][vc_column_text] I colori sulle dita [\/vc_column_text][vc_column_text]Obiettivi: Sperimentare l&#8217;ascolto attivo Produrre una sequesnza motoria spontanea in risposta ad uno stimolo comune Avvicinamento al concetto di colore come propriet\u00e0 di ci\u00f2 che ci circonda Capacit\u00e0 di riconoscerli Cogliere le...\" \/>\n<meta property=\"og:url\" content=\"https:\/\/bravitutti.net\/bravituttiascuola\/nido\/\" \/>\n<meta property=\"og:site_name\" content=\"Bravituttiascuola\" \/>\n<meta property=\"article:modified_time\" content=\"2023-03-09T09:44:31+00:00\" \/>\n<meta name=\"twitter:card\" content=\"summary_large_image\" \/>\n<meta name=\"twitter:label1\" content=\"Tempo di lettura stimato\" \/>\n\t<meta name=\"twitter:data1\" content=\"2 minuti\" \/>\n<script type=\"application\/ld+json\" class=\"yoast-schema-graph\">{\"@context\":\"https:\/\/schema.org\",\"@graph\":[{\"@type\":\"WebPage\",\"@id\":\"https:\/\/bravitutti.net\/bravituttiascuola\/nido\/\",\"url\":\"https:\/\/bravitutti.net\/bravituttiascuola\/nido\/\",\"name\":\"Nido - Bravituttiascuola\",\"isPartOf\":{\"@id\":\"https:\/\/bravitutti.net\/bravituttiascuola\/#website\"},\"datePublished\":\"2023-01-16T14:06:35+00:00\",\"dateModified\":\"2023-03-09T09:44:31+00:00\",\"breadcrumb\":{\"@id\":\"https:\/\/bravitutti.net\/bravituttiascuola\/nido\/#breadcrumb\"},\"inLanguage\":\"it-IT\",\"potentialAction\":[{\"@type\":\"ReadAction\",\"target\":[\"https:\/\/bravitutti.net\/bravituttiascuola\/nido\/\"]}]},{\"@type\":\"BreadcrumbList\",\"@id\":\"https:\/\/bravitutti.net\/bravituttiascuola\/nido\/#breadcrumb\",\"itemListElement\":[{\"@type\":\"ListItem\",\"position\":1,\"name\":\"Home\",\"item\":\"https:\/\/bravitutti.net\/bravituttiascuola\/\"},{\"@type\":\"ListItem\",\"position\":2,\"name\":\"Nido\"}]},{\"@type\":\"WebSite\",\"@id\":\"https:\/\/bravitutti.net\/bravituttiascuola\/#website\",\"url\":\"https:\/\/bravitutti.net\/bravituttiascuola\/\",\"name\":\"Bravituttiascuola\",\"description\":\"\",\"potentialAction\":[{\"@type\":\"SearchAction\",\"target\":{\"@type\":\"EntryPoint\",\"urlTemplate\":\"https:\/\/bravitutti.net\/bravituttiascuola\/?s={search_term_string}\"},\"query-input\":\"required name=search_term_string\"}],\"inLanguage\":\"it-IT\"}]}<\/script>\n<!-- \/ Yoast SEO plugin. -->","yoast_head_json":{"title":"Nido - Bravituttiascuola","robots":{"index":"index","follow":"follow","max-snippet":"max-snippet:-1","max-image-preview":"max-image-preview:large","max-video-preview":"max-video-preview:-1"},"canonical":"https:\/\/bravitutti.net\/bravituttiascuola\/nido\/","og_locale":"it_IT","og_type":"article","og_title":"Nido - Bravituttiascuola","og_description":"[vc_row css_animation=&#8221;&#8221; row_type=&#8221;row&#8221; use_row_as_full_screen_section=&#8221;no&#8221; type=&#8221;full_width&#8221; angled_section=&#8221;no&#8221; text_align=&#8221;left&#8221; background_image_as_pattern=&#8221;without_pattern&#8221;][vc_column width=&#8221;1\/3&#8243;][vc_column_text] I colori sulle dita [\/vc_column_text][vc_column_text]Obiettivi: Sperimentare l&#8217;ascolto attivo Produrre una sequesnza motoria spontanea in risposta ad uno stimolo comune Avvicinamento al concetto di colore come propriet\u00e0 di ci\u00f2 che ci circonda Capacit\u00e0 di riconoscerli Cogliere le...","og_url":"https:\/\/bravitutti.net\/bravituttiascuola\/nido\/","og_site_name":"Bravituttiascuola","article_modified_time":"2023-03-09T09:44:31+00:00","twitter_card":"summary_large_image","twitter_misc":{"Tempo di lettura stimato":"2 minuti"},"schema":{"@context":"https:\/\/schema.org","@graph":[{"@type":"WebPage","@id":"https:\/\/bravitutti.net\/bravituttiascuola\/nido\/","url":"https:\/\/bravitutti.net\/bravituttiascuola\/nido\/","name":"Nido - Bravituttiascuola","isPartOf":{"@id":"https:\/\/bravitutti.net\/bravituttiascuola\/#website"},"datePublished":"2023-01-16T14:06:35+00:00","dateModified":"2023-03-09T09:44:31+00:00","breadcrumb":{"@id":"https:\/\/bravitutti.net\/bravituttiascuola\/nido\/#breadcrumb"},"inLanguage":"it-IT","potentialAction":[{"@type":"ReadAction","target":["https:\/\/bravitutti.net\/bravituttiascuola\/nido\/"]}]},{"@type":"BreadcrumbList","@id":"https:\/\/bravitutti.net\/bravituttiascuola\/nido\/#breadcrumb","itemListElement":[{"@type":"ListItem","position":1,"name":"Home","item":"https:\/\/bravitutti.net\/bravituttiascuola\/"},{"@type":"ListItem","position":2,"name":"Nido"}]},{"@type":"WebSite","@id":"https:\/\/bravitutti.net\/bravituttiascuola\/#website","url":"https:\/\/bravitutti.net\/bravituttiascuola\/","name":"Bravituttiascuola","description":"","potentialAction":[{"@type":"SearchAction","target":{"@type":"EntryPoint","urlTemplate":"https:\/\/bravitutti.net\/bravituttiascuola\/?s={search_term_string}"},"query-input":"required name=search_term_string"}],"inLanguage":"it-IT"}]}},"_links":{"self":[{"href":"https:\/\/bravitutti.net\/bravituttiascuola\/wp-json\/wp\/v2\/pages\/274"}],"collection":[{"href":"https:\/\/bravitutti.net\/bravituttiascuola\/wp-json\/wp\/v2\/pages"}],"about":[{"href":"https:\/\/bravitutti.net\/bravituttiascuola\/wp-json\/wp\/v2\/types\/page"}],"author":[{"embeddable":true,"href":"https:\/\/bravitutti.net\/bravituttiascuola\/wp-json\/wp\/v2\/users\/8"}],"replies":[{"embeddable":true,"href":"https:\/\/bravitutti.net\/bravituttiascuola\/wp-json\/wp\/v2\/comments?post=274"}],"version-history":[{"count":14,"href":"https:\/\/bravitutti.net\/bravituttiascuola\/wp-json\/wp\/v2\/pages\/274\/revisions"}],"predecessor-version":[{"id":406,"href":"https:\/\/bravitutti.net\/bravituttiascuola\/wp-json\/wp\/v2\/pages\/274\/revisions\/406"}],"wp:attachment":[{"href":"https:\/\/bravitutti.net\/bravituttiascuola\/wp-json\/wp\/v2\/media?parent=274"}],"curies":[{"name":"wp","href":"https:\/\/api.w.org\/{rel}","templated":true}]}}